100 (base 6) in base 5?
-121
-10200 (base 3) to base 5
-344
4 (base 5) to base 16
4
Convert 60 (base 10) to base 5.
220
What is 0 (base 4) in base 11?
0
1110 (base 4) to base 13
66
-164 (base 10) to base 16
-a4
2 (base 12) to base 10
2
What is 3 (base 12) in base 5?
3
Convert 1 (base 9) to base 4.
1
Convert 1c9 (base 14) to base 7.
1042
-222 (base 3) to base 7
-35
-244 (base 5) to base 12
-62
What is 71 (base 8) in base 2?
111001
15 (base 8) to base 16
d
24 (base 5) to base 12
12
Convert 1 (base 11) to base 16.
1
What is -14 (base 16) in base 14?
-16
-1022 (base 3) to base 7
-50
Convert 1210 (base 5) to base 14.
cc
What is -20 (base 9) in base 16?
-12
a (base 11) to base 7
13
What is 7 (base 15) in base 13?
7
What is -1121 (base 3) in base 7?
-61
Convert -23 (base 6) to base 7.
-21
Convert 1 (base 6) to base 11.
1
Convert -3 (base 12) to base 15.
-3
What is -2121 (base 3) in base 16?
-46
1 (base 2) to base 13
1
What is 2 (base 4) in base 10?
2
Convert -27 (base 15) to base 11.
-34
-17 (base 10) to base 11
-16
Convert e (base 16) to base 9.
15
What is 45 (base 13) in base 8?
71
186 (base 14) to base 2
100111010
Convert 3 (base 10) to base 7.
3
Convert 13 (base 8) to base 6.
15
61 (base 7) to base 12
37
Convert -41 (base 8) to base 7.
-45
41 (base 5) to base 14
17
Convert -6 (base 11) to base 14.
-6
What is 2 (base 4) in base 5?
2
What is 1110 (base 2) in base 9?
15
Convert 3 (base 8) to base 13.
3
-354 (base 6) to base 4
-2032
412 (base 5) to base 7
212
Convert 40 (base 5) to base 4.
110
Convert a (base 16) to base 7.
13
-a (base 13) to base 15
-a
-324 (base 9) to base 8
-411
10 (base 5) to base 8
5
What is 0 (base 8) in base 3?
0
-5 (base 16) to base 12
-5
What is -14 (base 14) in base 4?
-102
4 (base 12) to base 8
4
What is 9 (base 10) in base 5?
14
What is -111 (base 6) in base 5?
-133
Convert 34 (base 8) to base 10.
28
Convert -110 (base 2) to base 12.
-6
Convert -29 (base 12) to base 13.
-27
-2 (base 14) to base 12
-2
Convert -6 (base 9) to base 4.
-12
Convert 1 (base 2) to base 4.
1
20121 (base 3) to base 6
454
What is -11 (base 15) in base 4?
-100
What is -267 (base 9) in base 16?
-df
Convert -200 (base 6) to base 3.
-2200
What is 0 (base 16) in base 6?
0
Convert -1 (base 16) to base 10.
-1
-12001 (base 3) to base 14
-9a
What is 11 (base 7) in base 13?
8
Convert -6 (base 8) to base 5.
-11
What is -6 (base 7) in base 10?
-6
Convert -2002 (base 5) to base 10.
-252
Convert 403 (base 6) to base 5.
1042
Convert -13 (base 10) to base 14.
-d
Convert -2 (base 13) to base 10.
-2
What is -20 (base 15) in base 13?
-24
Convert 26 (base 7) to base 3.
202
What is 62 (base 12) in base 6?
202
Convert -132 (base 5) to base 11.
-39
Convert -5 (base 12) to base 10.
-5
-22 (base 11) to base 3
-220
-35 (base 7) to base 15
-1b
2 (base 12) to base 2
10
What is -2 (base 3) in base 8?
-2
Convert -1 (base 7) to base 15.
-1
What is 1433 (base 5) in base 3?
100000
1a (base 14) to base 13
1b
Convert 0 (base 8) to base 14.
0
18 (base 10) to base 14
14
What is -2 (base 15) in base 8?
-2
-28 (base 9) to base 14
-1c
Convert 1 (base 8) to base 11.
1
Convert 2 (base 16) to base 7.
2
Convert -122 (base 5) to base 10.
-37
-1000 (base 3) to base 5
-102
What is -4 (base 16) in base 2?
-100
What is 30 (base 5) in base 3?
120
Convert 221 (base 4) to base 2.
101001
Convert -101 (base 2) to base 5.
-10
What is 2001 (base 3) in base 11?
50
-30 (base 14) to base 3
-1120
What is 1 (base 14) in base 13?
1
-21 (base 3) to base 8
-7
c (base 14) to base 2
1100
Convert -ab (base 12) to base 10.
-131
Convert -1101 (base 2) to base 15.
-d
7 (base 11) to base 5
12
Convert 14 (base 9) to base 3.
111
-100 (base 2) to base 5
-4
What is 3 (base 11) in base 13?
3
What is 3 (base 6) in base 10?
3
-a (base 15) to base 6
-14
Convert 256 (base 7) to base 12.
b7
-110000 (base 2) to base 10
-48
What is 16 (base 13) in base 10?
19
-8 (base 14) to base 12
-8
Convert -8 (base 9) to base 2.
-1000
9 (base 14) to base 16
9
What is -71 (base 9) in base 5?
-224
Convert 102 (base 5) to base 8.
33
-3 (base 10) to base 11
-3
Convert 1 (base 3) to base 5.
1
Convert -111 (base 2) to base 9.
-7
Convert -6 (base 10) to base 4.
-12
What is 0 (base 16) in base 12?
0
-a5 (base 13) to base 14
-99
What is 2 (base 5) in base 12?
2
Convert -5 (base 11) to base 2.
-101
Convert -2 (base 8) to base 7.
-2
Convert 3 (base 8) to base 5.
3
-3c (base 15) to base 13
-45
1 (base 7) to base 4
1
-5 (base 12) to base 16
-5
What is -5 (base 7) in base 8?
-5
What is 1 (base 6) in base 8?
1
Convert 21 (base 13) to base 8.
33
Convert 123 (base 4) to base 2.
11011
What is 18 (base 13) in base 6?
33
Convert -1014 (base 5) to base 14.
-98
What is -2 (base 6) in base 12?
-2
Convert -2 (base 12) to base 16.
-2
What is 8 (base 11) in base 12?
8
141 (base 14) to base 10
253
What is -2230 (base 4) in base 15?
-b7
What is 111 (base 5) in base 3?
1011
21 (base 4) to base 16
9
-77 (base 16) to base 12
-9b
What is -6 (base 13) in base 10?
-6
10001 (base 2) to base 9
18
Convert 22 (base 4) to base 3.
101
10 (base 15) to base 13
12
Convert -13 (base 10) to base 9.
-14
Convert 1 (base 10) to base 8.
1
What is 41 (base 16) in base 15?
45
Convert -3c (base 16) to base 7.
-114
Convert 1 (base 9) to base 14.
1
What is 0 (base 11) in base 14?
0
What is -1 (base 8) in base 7?
-1
1 (base 11) to base 5
1
Convert 34 (base 9) to base 14.
23
-1001001 (base 2) to base 14
-53
What is -3 (base 5) in base 10?
-3
100011111 (base 2) to base 12
1bb
Convert 7 (base 11) to base 4.
13
4 (base 12) to base 5
4
Convert 11 (base 4) to base 11.
5
5 (base 9) to base 6
5
What is -114 (base 8) in base 12?
-64
11 (base 6) to base 14
7
Convert 1 (base 13) to base 4.
1
111 (base 3) to base 11
12
Convert -4 (base 12) to base 2.
-100
What is 21011 (base 3) in base 5?
1233
What is 4 (base 8) in base 12?
4
-30 (base 4) to base 12
-10
What is 120 (base 8) in base 12?
68
277 (base 8) to base 10
191
What is 133 (base 12) in base 8?
267
What is dd (base 14) in base 9?
236
Convert 1101 (base 2) to base 3.
111
What is 2 (base 10) in base 2?
10
What is 10101011 (base 2) in base 16?
ab
Convert -110 (base 2) to base 8.
-6
42 (base 5) to base 10
22
-5 (base 10) to base 14
-5
161 (base 12) to base 4
3121
65 (base 7) to base 15
32
Convert -5 (base 15) to base 5.
-10
What is 12 (base 9) in base 5?
21
Convert -6 (base 10) to base 11.
-6
What is -10011 (base 3) in base 4?
-1111
What is 20 (base 5) in base 16?
a
17 (base 16) to base 2
10111
Convert -4 (base 12) to base 2.
-100
-1001 (base 2) to base 16
-9
What is -2 (base 7) in base 8?
-2
Convert 14 (base 12) to base 2.
10000
Convert 0 (base 2) to base 6.
0
Convert 6 (base 10) to base 8.
6
Convert -14 (base 7) to base 9.
-12
10200 (base 3) to base 12
83
-242 (base 12) to base 9
-415
6 (base 12) to base 13
6
1 (base 5) to base 14
1
-53 (base 9) to base 16
-30
4 (base 5) to base 3
11
Convert 43 (base 8) to base 10.
35
Convert -71 (base 10) to base 7.
-131
What is -2 (base 5) in base 13?
-2
What is -6 (base 11) in base 4?
-12
1 (base 13) to base 2
1
Convert -31 (base 5) to base 14.
-12
What is -1 (base 16) in base 15?
-1
Convert -253 (base 6) to base 10.
-105
What is -2 (base 14) in base 16?
-2
-2 (base 11) to base 2
-10
What is 64 (base 10) in base 3?
2101
13 (base 9) to base 12
10
What is -2111 (base 3) in base 11?
-61
What is -2 (base 4) in base 11?
-2
-110 (base 2) to base 12
-6
-133 (base 8) to base 11
-83
What is 343 (base 5) in base 16?
62
Convert 3 (base 11) to base 9.
3
What is -100 (base 2) in base 15?
-4
-1112 (base 3) to base 12
-35
1d (base 14) to base 5
102
What is 11 (base 3) in base 15?
4
Convert -1 (base 6) to base 15.
-1
Convert 15 (base 16) to base 9.
23
-243 (base 9) to base 5
-1301
Convert 326 (base 8) to base 6.
554
1 (base 7) to base 12
1
Convert -2 (base 12) to base 6.
-2
9 (base 11) to base 2
1001
Convert -405 (base 6) to base 12.
-105
What is -11 (base 2) in base 3?
-10
Convert -3 (base 11) to base 2.
-11
Convert 30 (base 4) to base 13.
c
Convert -1 (base 7) to base 13.
-1
7 (base 15) to base 8
7
-5 (base 8) to base 10
-5
Convert -18 (base 12) to base 5.
-40
-a7 (base 15) to base 8
-235
Convert 0 (base 13) to base 11.
0
11 (base 13) to base 6
22
What is 3c (base 16) in base 5?
220
-3 (base 14) to base 13
-3
30 (base 14) to base